**2 - p + 1. Let q be m(-5). Suppose q*c - c + 3*v = 165, 4*v = 20. List the prime factors of c.
2, 3, 5
Let b = -16 - -25. Let y = 8 + b. What are the prime factors of y?
17
Suppose -4*t - 3*h = -835, 2*t + 2*t = 5*h + 795. What are the prime factors of t?
5, 41
Let d(g) = -25*g - 1. Let r be d(1). What are the prime factors of -1 - ((r - 2) + 4)?
23
Suppose -32 = -2*g + 4. Suppose -4 + g = 2*o. List the prime factors of o.
7
Suppose 10 = -2*l, 8*z + 4*l = 3*z + 605. What are the prime factors of z?
5
Suppose 0*s = 5*s + 30. List the prime factors of (s/(-4))/(9/12).
2
Let m(u) = 5*u**3 + u**2. Let b(o) = o**3 - o**2 + o + 1. Let j be -1 + 0 - (-7 - -6). Let p be b(j). What are the prime factors of m(p)?
2, 3
Let m = 0 + 7. Suppose m = -2*p + 43. List the prime factors of p.
2, 3
Let n = -55 + 23. Let q = -17 - n. List the prime factors of 4 + (-5)/(q/(-6)).
2, 3
Let o = -1818 + 7264. List the prime factors of o/98 + 3/7.
2, 7
Let z(u) = -u**3 + 3 + u**2 - 6*u**2 + u**2 - 3*u. Let s be (-18)/8 + (-6)/8. List the prime factors of z(s).
3
Let y(l) = l**2 + 8*l + 9. Let u be y(-7). List the prime factors of (-4)/u - 8*-1.
2, 3
Let g be 4 - 2 - (-2 - -21). Let p = g - -33. List the prime factors of p.
2
Suppose 3*h + 8 = -19. Let a be (63/6)/(1/2). Let t = h + a. List the prime factors of t.
2, 3
Suppose 3*i - 186 + 69 = 0. What are the prime factors of i?
3, 13
Let m(y) = -y**3 + y**2 + 6*y + 2. List the prime factors of m(-3).
2, 5
Let g be 36/10 - 2/(-5). Let l(o) = 3*o - 6. Let b be l(g). What are the prime factors of 6 - 3/b*0?
2, 3
Let z be 78 + 0 + (-10)/(-5). Suppose z = c + c. List the prime factors of c.
2, 5
Let x(j) be the first derivative of j**5/60 - 7*j**4/24 + j**3 + 3. Let w(a) be the third derivative of x(a). List the prime factors of w(5).
3
Let k be -1 - (2/(-1) + -27). Suppose -16 = 2*n + 4*w, -4*n + 4*w + k = -0*w. Suppose -n*d = -3*d - p + 10, -4*p - 32 = -5*d. List the prime factors of d.
2
Let q = 11 - 11. List the prime factors of q + 2 + 3 + 0.
5
Let u = 1 - 1. Suppose -f - 10 = -0*f. What are the prime factors of u/1 - 1*f?
2, 5
Let w(g) = g + 4 - g**2 + 22*g**3 - 4. List the prime factors of w(1).
2, 11
What are the prime factors of (-2)/1 - (5 + -2*122)?
3, 79
Let h = -24 + 3. Let k = 48 + h. Suppose -3*s + 15 = -k. What are the prime factors of s?
2, 7
Let y = -9 + 4. What are the prime factors of (y*1)/((-2)/4)?
2, 5
Suppose 16*p - 17*p = -62. List the prime factors of p.
2, 31
Let v(a) = -13*a - 19. What are the prime factors of v(-9)?
2, 7
Let b = 66 + -30. Suppose -5*x = 4*c - b, 3*c - 3*x = 8*c - 58. List the prime factors of c.
2, 7
Let b be 5 + (-5 - -3) - 2. Suppose 2 + b = g. List the prime factors of (g/9)/(2/54).
3
Suppose -3*t = -4*h + 32, 16 - 37 = -h + 4*t. Suppose 26 + 4 = -h*n. Let r(b) = -b**2 - 8*b - 5. What are the prime factors of r(n)?
7
Suppose 2*x + 0*x = 40. What are the prime factors of x?
2, 5
Let a = 88 + -63. Suppose a = 2*i - 7. Suppose 11 + i = 3*h. What are the prime factors of h?
3
Let t(u) = 3*u**2. What are the prime factors of t(1)?
3
Suppose -13 + 1 = 2*q. Suppose 0 = m + 2 - 0. Let h = m - q. What are the prime factors of h?
2
Let i(x) = x - 2. Let m be i(4). What are the prime factors of (1/m)/((-8)/(-48))?
3
Suppose 4*b - 209 - 239 = 0. What are the prime factors of b?
2, 7
List the prime factors of ((-94)/4 + -2)*(20 - 34).
3, 7, 17
Let t(k) be the first derivative of -k**2/2 - 3. Let c be t(4). Let m(w) = w**2 + 3*w - 1. List the prime factors of m(c).
3
Suppose -9*k + 13*k + 56 = 0. Let b be (4 - -2)/(2/9). Let m = k + b. What are the prime factors of m?
13
What are the prime factors of 104*4*(-4)/(-16)?
2, 13
Suppose -5*c - 4*l - 62 = 0, c + 3*l + 8 = -11. Let n(m) = m**3 - 10*m**2 + m + 11. Let o be n(10). Let x = o + c. List the prime factors of x.
11
Let t(p) = 20*p - 18. List the prime factors of t(4).
2, 31
Let j(i) = -i**3 + 10*i**2 - 7*i - 21. List the prime factors of j(7).
7, 11
Let l = -5 - -6. Suppose 3*a = -2*f + f + l, -a + 7 = -3*f. Let n = 4 - a. List the prime factors of n.
3
Let r(h) = -h**3 + 3*h**2 + 6*h - 6. Let m be r(4). Suppose m*y - 6 = -0*y. Suppose y*b - 12 - 12 = 0. List the prime factors of b.
2
Suppose -5*i - 96 = -5*t + 79, -4*t + 5*i + 135 = 0. What are the prime factors of t?
2, 5
Let z(d) = d**2 - 6*d + 5. Let r be z(6). Suppose c = r*n + 23, 3*n - 156 + 13 = -5*c. List the prime factors of c.
2, 7
Let k(z) = -3*z - 6. Let u(y) = 7*y + 13. Let m(r) = 5*k(r) + 2*u(r). Let q = -13 + 6. List the prime factors of m(q).
3
Let l(r) = r**3 - 8*r**2 + 8*r - 12. List the prime factors of l(8).
2, 13
Suppose 15 = z - 4*d - 4, -2*d = 3*z - 1. Suppose 64 = -x + z*x. What are the prime factors of x?
2
Let u(r) = -3*r + 25. List the prime factors of u(-4).
37
Suppose x = 2*n + 95, x + 3*n = 32 + 38. List the prime factors of x.
5, 17
Let o(p) = p**3 + 10*p**2 + 3*p - 11. Let a be o(-9). Let l = -28 + a. List the prime factors of l.
3, 5
Let i(t) = -2*t - 8. Let k be i(-6). Suppose 38 = k*a - 6. List the prime factors of a.
11
Let j(q) = -22*q. Suppose -2*o + 2 = -4*r - 12, 5*r + 24 = -4*o. List the prime factors of j(o).
2, 11
Let z(g) = g + 70. List the prime factors of z(0).
2, 5, 7
Suppose -8 - 2 = -5*f - 4*a, -32 = -2*f + 4*a. Let r = f - -49. Suppose 3*z - r = -2*z. List the prime factors of z.
11
Let i(c) = -12*c - 8. Let z be i(-7). Suppose 0 = 4*j, 4*s - 3*j - z = 2*j. What are the prime factors of s?
19
Let n(g) = -g + 7. Let d(i) = 2*i - 8. Let q(j) = -5*d(j) - 6*n(j). What are the prime factors of q(-2)?
2, 3
What are the prime factors of (570/50)/((-48)/(-45) - 1)?
3, 19
Let b be 0/((-4)/2 - -1). Suppose -q + b*q = -14. Let m = 20 - q. What are the prime factors of m?
2, 3
Let t be 24*(3 + (-14)/4). Suppose 5*o = -3*g - 87, 0 = g + 1 - 2. Let q = t - o. What are the prime factors of q?
2, 3
Suppose -25 = -5*c, c = 2*m - 4*c + 17. Let d be (0 - 0) + (0 - -17). Suppose -t + d = m. List the prime factors of t.
13
Let b be 0 - (4 + -4)/2. Suppose -2*a = -3*v - 8 + 30, a = -4*v + 11. Suppose b*f - 32 = -v*f. List the prime factors of f.
2
Suppose 0 = -d + 2*d - 1. Suppose -24 - d = -5*r. Suppose 36 = -2*o + r*o. List the prime factors of o.
2, 3
Let a(l) = l - 12. Let d be a(-10). List the prime factors of (-4)/(-22) + (-304)/d.
2, 7
Suppose 0*k = 2*k - 16. Let t(p) be the third derivative of p**4/24 + p**3/2 - 3*p**2. What are the prime factors of t(k)?
11
Suppose 7*i - 25 = k + 2*i, -3*i + 7 = k. Let c = 24 + k. List the prime factors of c.
19
Let i = 27 - -89. What are the prime factors of i?
2, 29
Let g = -8 + 5. Let b(a) = -3 - 24*a + 5 + 21*a. List the prime factors of b(g).
11
Let k(c) = -c**2 - 7*c - 6. Suppose 7*d - 21 = 4*d. Let o = d - 12. List the prime factors of k(o).
2
Suppose 2*q + 3*h - 350 = h, -2*q = 5*h - 338. List the prime factors of q.
179
Suppose 5*z = 4*m - 1, 0*z + 5*z + 3*m - 27 = 0. Let t = z - -13. List the prime factors of t.
2
Let r(i) = i - 7. Let m be r(-5). Let x = 27 + m. Suppose -x = -4*n + n. What are the prime factors of n?
5
Let i(t) = t + 8. List the prime factors of i(0).
2
Suppose 0 = -4*r - 3*o + 9, r - 4*o + 3*o - 4 = 0. Suppose -d = -4*d - r*w + 132, -3*d = -4*w - 153. List the prime factors of d.
47
Suppose 0 = -f - 6 + 128. What are the prime factors of f?
2, 61
Let c(j) = -2 - 23*j + 0 + 1. List the prime factors of c(-1).
2, 11
Suppose -d + 2*d = 0. Suppose d = -3*s + 3*t + 81, 6*t - 84 = -4*s + 2*t. What are the prime factors of s?
2, 3
Let w = 37 + -29. List the prime factors of w.
2
Suppose 0 = 5*z - 4*z - 13. Suppose -x = 1, 4*x + 30 = -3*r - z. What are the prime factors of r/(-4) - 3/(-4)?
2
Suppose 0 = -o + b + 7, 3*o - 2*b - 10 = 9. Suppose o*d - 5 + 0 = 0. Let p(q) = 3*q**2 + 2*q - 1. What are the prime factors of p(d)?
2
Suppose -4*w + 6 + 2 = 0, 2*q = 5*w - 4. Suppose -q*i + 55 = -41. What are the prime factors of 30/8*i/12?
2, 5
Let p = 0 + 0. Suppose 0*a + a = p. Suppose -b - 2*f + 0*f = 0, -4*b - f + 28 = a. List the prime factors of b.
2
Suppose 0*n + 2*n = 24. List the prime factors of n.
2, 3
Suppose 7 = -a - 0. What are the prime factors of a*-2*3/6?
7
Suppose -53 = -0*s - s + 2*a, 0 = -s + a + 52. What are the prime factors of s?
3, 17
Suppose z + 6*z - 707 = 0. List the prime